{"id":215717,"date":"2025-03-20T17:44:22","date_gmt":"2025-03-20T17:44:22","guid":{"rendered":"https:\/\/aromasentia.com\/product\/vitamin-c-face-serum\/"},"modified":"2025-12-31T15:34:20","modified_gmt":"2025-12-31T15:34:20","slug":"c-vitamin-ansiktsserum","status":"publish","type":"product","link":"https:\/\/aromasentia.com\/sv\/c-vitamin-ansiktsserum\/","title":{"rendered":"C-Vitamin Ansiktsserum"},"content":{"rendered":"<p style=\"text-align: justify;\"><strong><span style=\"color: rgb(84, 172, 210);\">LJUS &amp; FRISK&nbsp;<\/span><\/strong><\/p>\n<p style=\"text-align: justify;\"><strong>Ansiktsserum med C-vitamin i grossistledet&nbsp;<\/strong>med Aloe Vera &amp; Trollhassel stimulerar kollagenproduktionen.&nbsp;<\/p>\n<p style=\"text-align: justify;\">L\u00e4mplig f\u00f6r alla hudtyper.<\/p>\n<p style=\"text-align: justify;\">Den absorberas snabbt i huden och kan anv\u00e4ndas innan du applicerar kr\u00e4m eller makeup.&nbsp;<\/p>\n<p style=\"text-align: justify;\">Dina kunder kanske ocks\u00e5 gillar <strong>Ansiktstoner Spray<\/strong>.&nbsp;<\/p>\n<p style=\"text-align: justify;\">* S\u00e4ljs i 30 ml flaska * Vegansk * Mycket fuktgivande * Tillverkad i England *&nbsp;<\/p>\n<p style=\"text-align: justify;\"><strong>K\u00f6p nu och ge dina kunder en av de b\u00e4sta egenv\u00e5rdsprodukterna!<\/strong><\/p>\n","protected":false},"excerpt":{"rendered":"<p>LJUS &amp; FRISK&nbsp; Ansiktsserum med C-vitamin i grossistledet&nbsp;med Aloe Vera &amp; Trollhassel stimulerar kollagenproduktionen.&nbsp; L\u00e4mplig f\u00f6r alla hudtyper. Den absorberas snabbt i huden och kan anv\u00e4ndas innan du applicerar kr\u00e4m eller makeup.&nbsp; Dina kunder kanske ocks\u00e5 gillar Ansiktstoner Spray.&nbsp; * S\u00e4ljs i 30 ml flaska * Vegansk * Mycket fuktgivande * Tillverkad i England *&nbsp; [&hellip;]<\/p>\n","protected":false},"featured_media":296840,"comment_status":"closed","ping_status":"open","template":"","meta":{"_angie_page":false},"product_brand":[27069],"product_cat":[12600,12958],"product_tag":[],"class_list":{"0":"post-215717","1":"product","2":"type-product","3":"status-publish","4":"has-post-thumbnail","6":"product_brand-aw-cosmetics","7":"product_cat-bad-och-dusch","8":"product_cat-hudvard","9":"pa_collection-facial-serum-30ml-sv","10":"pa_made-in-storbritannien","11":"pa_size-30ml","13":"first","14":"instock","15":"purchasable","16":"product-type-simple"},"supplier_id":null,"supplier_sku":"SerF-03","barcode":null,"atum_controlled":true,"out_stock_date":null,"out_stock_threshold":null,"inheritable":false,"inbound_stock":null,"stock_on_hold":0,"sold_today":0,"sales_last_days":0,"reserved_stock":null,"customer_returns":null,"warehouse_damage":null,"lost_in_post":null,"other_logs":null,"out_stock_days":0,"lost_sales":0,"has_location":null,"update_date":"2026-04-27T07:21:08","atum_locations":[],"atum_stock_status":"instock","restock_status":false,"low_stock_amount":"","sales_update_date":"2025-09-05T00:20:35","calc_backorders":null,"_links":{"self":[{"href":"https:\/\/aromasentia.com\/sv\/wp-json\/wp\/v2\/product\/215717","targetHints":{"allow":["GET"]}}],"collection":[{"href":"https:\/\/aromasentia.com\/sv\/wp-json\/wp\/v2\/product"}],"about":[{"href":"https:\/\/aromasentia.com\/sv\/wp-json\/wp\/v2\/types\/product"}],"replies":[{"embeddable":true,"href":"https:\/\/aromasentia.com\/sv\/wp-json\/wp\/v2\/comments?post=215717"}],"version-history":[{"count":0,"href":"https:\/\/aromasentia.com\/sv\/wp-json\/wp\/v2\/product\/215717\/revisions"}],"wp:featuredmedia":[{"embeddable":true,"href":"https:\/\/aromasentia.com\/sv\/wp-json\/wp\/v2\/media\/296840"}],"wp:attachment":[{"href":"https:\/\/aromasentia.com\/sv\/wp-json\/wp\/v2\/media?parent=215717"}],"wp:term":[{"taxonomy":"product_brand","embeddable":true,"href":"https:\/\/aromasentia.com\/sv\/wp-json\/wp\/v2\/product_brand?post=215717"},{"taxonomy":"product_cat","embeddable":true,"href":"https:\/\/aromasentia.com\/sv\/wp-json\/wp\/v2\/product_cat?post=215717"},{"taxonomy":"product_tag","embeddable":true,"href":"https:\/\/aromasentia.com\/sv\/wp-json\/wp\/v2\/product_tag?post=215717"}],"curies":[{"name":"wp","href":"https:\/\/api.w.org\/{rel}","templated":true}]}}

<p style="text-align: justify;"><strong><span style="color: rgb(84, 172, 210);">LJUS &amp; FRISK&nbsp;</span></strong></p>
<p style="text-align: justify;"><strong>Ansiktsserum med C-vitamin i grossistledet&nbsp;</strong>med Aloe Vera &amp; Trollhassel stimulerar kollagenproduktionen.&nbsp;</p>
<p style="text-align: justify;">Lämplig för alla hudtyper.</p>
<p style="text-align: justify;">Den absorberas snabbt i huden och kan användas innan du applicerar kräm eller makeup.&nbsp;</p>
<p style="text-align: justify;">Dina kunder kanske också gillar <strong>Ansiktstoner Spray</strong>.&nbsp;</p>
<p style="text-align: justify;">* Säljs i 30 ml flaska * Vegansk * Mycket fuktgivande * Tillverkad i England *&nbsp;</p>
<p style="text-align: justify;"><strong>Köp nu och ge dina kunder en av de bästa egenvårdsprodukterna!</strong></p>

<p>LJUS &amp; FRISK&nbsp; Ansiktsserum med C-vitamin i grossistledet&nbsp;med Aloe Vera &amp; Trollhassel stimulerar kollagenproduktionen.&nbsp; Lämplig för alla hudtyper. Den absorberas snabbt i huden och kan användas innan du applicerar kräm eller makeup.&nbsp; Dina kunder kanske också gillar Ansiktstoner Spray.&nbsp; * Säljs i 30 ml flaska * Vegansk * Mycket fuktgivande * Tillverkad i England *&nbsp; [&hellip;]</p>
