{"id":210149,"date":"2025-03-20T14:49:47","date_gmt":"2025-03-20T14:49:47","guid":{"rendered":"https:\/\/aromasentia.com\/product\/scented-ear-candles-lavender\/"},"modified":"2025-05-31T07:05:18","modified_gmt":"2025-05-31T07:05:18","slug":"duftlys-for-orene-lavendel","status":"publish","type":"product","link":"https:\/\/aromasentia.com\/no\/duftlys-for-orene-lavendel\/","title":{"rendered":"Duftlys For \u00d8rene &#8211; Lavendel"},"content":{"rendered":"<p><strong>\u00d8relys<\/strong> <strong>&#8211; Lavendelduft<\/strong> har blitt utrolig popul\u00e6re de siste \u00e5rene, og mange entusiaster hevder bemerkelsesverdige fysiske og \u00e5ndelige effekter fra \u00f8relysbehandling. N\u00e5r det er sagt, ser det ut til at ingen er helt sikre p\u00e5 hvor \u00f8relysene kommer fra og hva deres opprinnelige bruk var. Ulike kilder hevder at de ble brukt i gamle kulturer som Kina, India, Sibir og Nord-Amerika.<\/p>\n<p>Vi tilbyr et utvalg av \u00f8relys og produkter som passer for de fleste. V\u00e5re \u00f8relys er laget av ubleket naturlig bomull og bivoks og er perfekte for profesjonell spa- eller aromaterapibruk.<\/p>\n<p><span style=\"color: rgb(75, 80, 88);\"><strong>Advarsler<\/strong><br \/>Bruk av \u00f8relys skjer p\u00e5 kundens eget ansvar og risiko. Ved enhver form for betennelse i \u00f8ret eller huden rundt \u00f8ret anbefaler vi strengt ikke bruk av \u00f8relys. Av hensyn til personlig sikkerhet anbefaler vi ikke \u00e5 utf\u00f8re behandlingen selv. Det b\u00f8r alltid gj\u00f8res av en annen person.<\/span><\/p>\n<p><strong><span style=\"color: rgb(75, 80, 88);\">Beskyttelsesplate for \u00f8relys er inkludert.<\/span><\/strong><\/p>\n","protected":false},"excerpt":{"rendered":"<p>\u00d8relys &#8211; Lavendelduft har blitt utrolig popul\u00e6re de siste \u00e5rene, og mange entusiaster hevder bemerkelsesverdige fysiske og \u00e5ndelige effekter fra \u00f8relysbehandling. N\u00e5r det er sagt, ser det ut til at ingen er helt sikre p\u00e5 hvor \u00f8relysene kommer fra og hva deres opprinnelige bruk var. Ulike kilder hevder at de ble brukt i gamle kulturer [&hellip;]<\/p>\n","protected":false},"featured_media":260795,"comment_status":"closed","ping_status":"open","template":"","meta":{"_angie_page":false},"product_brand":[],"product_cat":[9065,26834,25843,26232],"product_tag":[],"class_list":{"0":"post-210149","1":"product","2":"type-product","3":"status-publish","4":"has-post-thumbnail","6":"product_cat-aromaterapi-og-romduft","7":"product_cat-blomster","8":"product_cat-dufter-aromaer","9":"product_cat-lavendel","10":"pa_collection-ear-candles-no","11":"pa_made-in-kina","13":"first","14":"instock","15":"purchasable","16":"product-type-simple"},"supplier_id":null,"supplier_sku":"EarC-09","barcode":null,"atum_controlled":true,"out_stock_date":null,"out_stock_threshold":null,"inheritable":false,"inbound_stock":null,"stock_on_hold":0,"sold_today":0,"sales_last_days":0,"reserved_stock":null,"customer_returns":null,"warehouse_damage":null,"lost_in_post":null,"other_logs":null,"out_stock_days":112,"lost_sales":0,"has_location":null,"update_date":"2026-04-26T00:02:22","atum_locations":[],"atum_stock_status":"instock","restock_status":false,"low_stock_amount":"","sales_update_date":"2026-01-30T01:25:19","calc_backorders":null,"_links":{"self":[{"href":"https:\/\/aromasentia.com\/no\/wp-json\/wp\/v2\/product\/210149","targetHints":{"allow":["GET"]}}],"collection":[{"href":"https:\/\/aromasentia.com\/no\/wp-json\/wp\/v2\/product"}],"about":[{"href":"https:\/\/aromasentia.com\/no\/wp-json\/wp\/v2\/types\/product"}],"replies":[{"embeddable":true,"href":"https:\/\/aromasentia.com\/no\/wp-json\/wp\/v2\/comments?post=210149"}],"version-history":[{"count":0,"href":"https:\/\/aromasentia.com\/no\/wp-json\/wp\/v2\/product\/210149\/revisions"}],"wp:featuredmedia":[{"embeddable":true,"href":"https:\/\/aromasentia.com\/no\/wp-json\/wp\/v2\/media\/260795"}],"wp:attachment":[{"href":"https:\/\/aromasentia.com\/no\/wp-json\/wp\/v2\/media?parent=210149"}],"wp:term":[{"taxonomy":"product_brand","embeddable":true,"href":"https:\/\/aromasentia.com\/no\/wp-json\/wp\/v2\/product_brand?post=210149"},{"taxonomy":"product_cat","embeddable":true,"href":"https:\/\/aromasentia.com\/no\/wp-json\/wp\/v2\/product_cat?post=210149"},{"taxonomy":"product_tag","embeddable":true,"href":"https:\/\/aromasentia.com\/no\/wp-json\/wp\/v2\/product_tag?post=210149"}],"curies":[{"name":"wp","href":"https:\/\/api.w.org\/{rel}","templated":true}]}}

Duftlys For Ørene &#8211; Lavendel

<p><strong>Ørelys</strong> <strong>&#8211; Lavendelduft</strong> har blitt utrolig populære de siste årene, og mange entusiaster hevder bemerkelsesverdige fysiske og åndelige effekter fra ørelysbehandling. Når det er sagt, ser det ut til at ingen er helt sikre på hvor ørelysene kommer fra og hva deres opprinnelige bruk var. Ulike kilder hevder at de ble brukt i gamle kulturer som Kina, India, Sibir og Nord-Amerika.</p>
<p>Vi tilbyr et utvalg av ørelys og produkter som passer for de fleste. Våre ørelys er laget av ubleket naturlig bomull og bivoks og er perfekte for profesjonell spa- eller aromaterapibruk.</p>
<p><span style="color: rgb(75, 80, 88);"><strong>Advarsler</strong><br />Bruk av ørelys skjer på kundens eget ansvar og risiko. Ved enhver form for betennelse i øret eller huden rundt øret anbefaler vi strengt ikke bruk av ørelys. Av hensyn til personlig sikkerhet anbefaler vi ikke å utføre behandlingen selv. Det bør alltid gjøres av en annen person.</span></p>
<p><strong><span style="color: rgb(75, 80, 88);">Beskyttelsesplate for ørelys er inkludert.</span></strong></p>

<p>Ørelys &#8211; Lavendelduft har blitt utrolig populære de siste årene, og mange entusiaster hevder bemerkelsesverdige fysiske og åndelige effekter fra ørelysbehandling. Når det er sagt, ser det ut til at ingen er helt sikre på hvor ørelysene kommer fra og hva deres opprinnelige bruk var. Ulike kilder hevder at de ble brukt i gamle kulturer [&hellip;]</p>
