{"id":206008,"date":"2025-03-21T14:37:32","date_gmt":"2025-03-21T14:37:32","guid":{"rendered":"https:\/\/aromasentia.com\/product\/all-natural-bag-blue-stonewash-mandala-harmony\/"},"modified":"2025-05-31T02:32:13","modified_gmt":"2025-05-31T02:32:13","slug":"all-natural-bag-blue-stonewash-mandala-harmony","status":"publish","type":"product","link":"https:\/\/aromasentia.com\/no\/all-natural-bag-blue-stonewash-mandala-harmony\/","title":{"rendered":"All Natural Bag &#8211; Blue Stonewash &#8211; Mandala &#8211; Harmony"},"content":{"rendered":"<p><span style=\"color: rgb(75, 80, 88);\"><strong>Balanser dagen din i bl\u00e5tt med v\u00e5r All Natural Bag &#8211; Blue Stonewash &#8211; Mandala &#8211; Harmony.<\/strong><\/span><\/p>\n<p><span style=\"color: rgb(75, 80, 88);\">Gi dagen din balanse og harmoni med v\u00e5r Harmony Bag, vakkert dekorert med en intrikat mandala i beroligende bl\u00e5tt.<\/span><\/p>\n<p><span style=\"color: rgb(75, 80, 88);\">Mandalaen er et \u00e5ndelig og rituelt symbol som representerer universet, noe som gj\u00f8r denne vesken til et symbol p\u00e5 enhet og fullstendighet.<\/span><\/p>\n<p><span style=\"color: rgb(75, 80, 88);\">Ideell for de som \u00f8nsker \u00e5 fokusere p\u00e5 hverdagens kaos, kombinerer denne milj\u00f8vennlige tote-vesken stil med praktisk nytte, med god plass og robust konstruksjon for daglig bruk.<\/span><\/p>\n","protected":false},"excerpt":{"rendered":"<p>Balanser dagen din i bl\u00e5tt med v\u00e5r All Natural Bag &#8211; Blue Stonewash &#8211; Mandala &#8211; Harmony. Gi dagen din balanse og harmoni med v\u00e5r Harmony Bag, vakkert dekorert med en intrikat mandala i beroligende bl\u00e5tt. Mandalaen er et \u00e5ndelig og rituelt symbol som representerer universet, noe som gj\u00f8r denne vesken til et symbol p\u00e5 [&hellip;]<\/p>\n","protected":false},"featured_media":314432,"comment_status":"closed","ping_status":"open","template":"","meta":{"_angie_page":false},"product_brand":[],"product_cat":[9173,9174],"product_tag":[],"class_list":{"0":"post-206008","1":"product","2":"type-product","3":"status-publish","4":"has-post-thumbnail","6":"product_cat-okologiske-vesker","7":"product_cat-vesker-ryggsekker","8":"pa_collection-all-natural-bags-no","9":"pa_made-in-india","11":"first","12":"instock","13":"purchasable","14":"product-type-simple"},"supplier_id":null,"supplier_sku":"ANB-04","barcode":null,"atum_controlled":true,"out_stock_date":null,"out_stock_threshold":null,"inheritable":false,"inbound_stock":null,"stock_on_hold":0,"sold_today":0,"sales_last_days":0,"reserved_stock":null,"customer_returns":null,"warehouse_damage":null,"lost_in_post":null,"other_logs":null,"out_stock_days":0,"lost_sales":0,"has_location":null,"update_date":"2026-04-27T06:50:22","atum_locations":[],"atum_stock_status":"instock","restock_status":false,"low_stock_amount":"","sales_update_date":"2026-01-30T01:25:50","calc_backorders":null,"_links":{"self":[{"href":"https:\/\/aromasentia.com\/no\/wp-json\/wp\/v2\/product\/206008","targetHints":{"allow":["GET"]}}],"collection":[{"href":"https:\/\/aromasentia.com\/no\/wp-json\/wp\/v2\/product"}],"about":[{"href":"https:\/\/aromasentia.com\/no\/wp-json\/wp\/v2\/types\/product"}],"replies":[{"embeddable":true,"href":"https:\/\/aromasentia.com\/no\/wp-json\/wp\/v2\/comments?post=206008"}],"version-history":[{"count":0,"href":"https:\/\/aromasentia.com\/no\/wp-json\/wp\/v2\/product\/206008\/revisions"}],"wp:featuredmedia":[{"embeddable":true,"href":"https:\/\/aromasentia.com\/no\/wp-json\/wp\/v2\/media\/314432"}],"wp:attachment":[{"href":"https:\/\/aromasentia.com\/no\/wp-json\/wp\/v2\/media?parent=206008"}],"wp:term":[{"taxonomy":"product_brand","embeddable":true,"href":"https:\/\/aromasentia.com\/no\/wp-json\/wp\/v2\/product_brand?post=206008"},{"taxonomy":"product_cat","embeddable":true,"href":"https:\/\/aromasentia.com\/no\/wp-json\/wp\/v2\/product_cat?post=206008"},{"taxonomy":"product_tag","embeddable":true,"href":"https:\/\/aromasentia.com\/no\/wp-json\/wp\/v2\/product_tag?post=206008"}],"curies":[{"name":"wp","href":"https:\/\/api.w.org\/{rel}","templated":true}]}}

<p><span style="color: rgb(75, 80, 88);"><strong>Balanser dagen din i blått med vår All Natural Bag &#8211; Blue Stonewash &#8211; Mandala &#8211; Harmony.</strong></span></p>
<p><span style="color: rgb(75, 80, 88);">Gi dagen din balanse og harmoni med vår Harmony Bag, vakkert dekorert med en intrikat mandala i beroligende blått.</span></p>
<p><span style="color: rgb(75, 80, 88);">Mandalaen er et åndelig og rituelt symbol som representerer universet, noe som gjør denne vesken til et symbol på enhet og fullstendighet.</span></p>
<p><span style="color: rgb(75, 80, 88);">Ideell for de som ønsker å fokusere på hverdagens kaos, kombinerer denne miljøvennlige tote-vesken stil med praktisk nytte, med god plass og robust konstruksjon for daglig bruk.</span></p>

<p>Balanser dagen din i blått med vår All Natural Bag &#8211; Blue Stonewash &#8211; Mandala &#8211; Harmony. Gi dagen din balanse og harmoni med vår Harmony Bag, vakkert dekorert med en intrikat mandala i beroligende blått. Mandalaen er et åndelig og rituelt symbol som representerer universet, noe som gjør denne vesken til et symbol på [&hellip;]</p>
