{"id":244609,"date":"2025-03-20T14:38:14","date_gmt":"2025-03-20T14:38:14","guid":{"rendered":"https:\/\/aromasentia.com\/product\/avocado-1-litre\/"},"modified":"2025-12-30T20:46:07","modified_gmt":"2025-12-30T20:46:07","slug":"avokadooel-1l","status":"publish","type":"product","link":"https:\/\/aromasentia.com\/de\/avokadooel-1l\/","title":{"rendered":"Avokado\u00f6l &#8211; 1l"},"content":{"rendered":"<p>Unsere <strong>Avocado-Basis\u00f6le<\/strong> eignen sich ideal zum Verd\u00fcnnen \u00e4therischer \u00d6le vor der Anwendung auf der Haut. Alle unsere Basis\u00f6le bestehen zu 100 % aus nat\u00fcrlichem, reinem \u00d6l.<\/p>\n<p>Die Avocado stammt urspr\u00fcnglich aus Mexiko und gelangte, soweit wir wissen, erst im fr\u00fchen 16. Jahrhundert nach Europa. Der Gro\u00dfteil der Avocado-Ernte stammt auch heute noch aus Mittel- und S\u00fcdamerika, und viele Jahrhunderte selektiver Z\u00fcchtung und unterschiedlicher Klimazonen haben <br \/>verschiedene Fruchtsorten hervorgebracht.<\/p>\n<p>Avocado\u00f6l ist hervorragend f\u00fcr die Haut. Es zieht leicht ein und hilft bei Hautproblemen wie Ekzemen. Es ist auch gut f\u00fcr alternde Haut, da es die Hautelastizit\u00e4t verbessern soll.<\/p>\n","protected":false},"excerpt":{"rendered":"<p>Unsere Avocado-Basis\u00f6le eignen sich ideal zum Verd\u00fcnnen \u00e4therischer \u00d6le vor der Anwendung auf der Haut. Alle unsere Basis\u00f6le bestehen zu 100 % aus nat\u00fcrlichem, reinem \u00d6l. Die Avocado stammt urspr\u00fcnglich aus Mexiko und gelangte, soweit wir wissen, erst im fr\u00fchen 16. Jahrhundert nach Europa. Der Gro\u00dfteil der Avocado-Ernte stammt auch heute noch aus Mittel- und [&hellip;]<\/p>\n","protected":false},"featured_media":259549,"comment_status":"closed","ping_status":"open","template":"","meta":{"_angie_page":false},"product_brand":[27090],"product_cat":[16455,23929],"product_tag":[],"class_list":{"0":"post-244609","1":"product","2":"type-product","3":"status-publish","4":"has-post-thumbnail","6":"product_brand-ancient-wisdom","7":"product_cat-aromatherapie-und-raumdufte","8":"product_cat-basisole","9":"pa_collection-base-oils-1-litre-de","10":"pa_made-in-suedafrika","12":"first","13":"instock","14":"purchasable","15":"product-type-simple"},"supplier_id":null,"supplier_sku":"BOz-08","barcode":null,"atum_controlled":true,"out_stock_date":null,"out_stock_threshold":null,"inheritable":false,"inbound_stock":null,"stock_on_hold":0,"sold_today":0,"sales_last_days":0,"reserved_stock":null,"customer_returns":null,"warehouse_damage":null,"lost_in_post":null,"other_logs":null,"out_stock_days":0,"lost_sales":0,"has_location":null,"update_date":"2026-04-27T06:55:31","atum_locations":[],"atum_stock_status":"instock","restock_status":false,"low_stock_amount":"","sales_update_date":"2025-10-09T03:26:53","calc_backorders":null,"_links":{"self":[{"href":"https:\/\/aromasentia.com\/de\/wp-json\/wp\/v2\/product\/244609","targetHints":{"allow":["GET"]}}],"collection":[{"href":"https:\/\/aromasentia.com\/de\/wp-json\/wp\/v2\/product"}],"about":[{"href":"https:\/\/aromasentia.com\/de\/wp-json\/wp\/v2\/types\/product"}],"replies":[{"embeddable":true,"href":"https:\/\/aromasentia.com\/de\/wp-json\/wp\/v2\/comments?post=244609"}],"version-history":[{"count":0,"href":"https:\/\/aromasentia.com\/de\/wp-json\/wp\/v2\/product\/244609\/revisions"}],"wp:featuredmedia":[{"embeddable":true,"href":"https:\/\/aromasentia.com\/de\/wp-json\/wp\/v2\/media\/259549"}],"wp:attachment":[{"href":"https:\/\/aromasentia.com\/de\/wp-json\/wp\/v2\/media?parent=244609"}],"wp:term":[{"taxonomy":"product_brand","embeddable":true,"href":"https:\/\/aromasentia.com\/de\/wp-json\/wp\/v2\/product_brand?post=244609"},{"taxonomy":"product_cat","embeddable":true,"href":"https:\/\/aromasentia.com\/de\/wp-json\/wp\/v2\/product_cat?post=244609"},{"taxonomy":"product_tag","embeddable":true,"href":"https:\/\/aromasentia.com\/de\/wp-json\/wp\/v2\/product_tag?post=244609"}],"curies":[{"name":"wp","href":"https:\/\/api.w.org\/{rel}","templated":true}]}}

Avokadoöl &#8211; 1l

<p>Unsere <strong>Avocado-Basisöle</strong> eignen sich ideal zum Verdünnen ätherischer Öle vor der Anwendung auf der Haut. Alle unsere Basisöle bestehen zu 100 % aus natürlichem, reinem Öl.</p>
<p>Die Avocado stammt ursprünglich aus Mexiko und gelangte, soweit wir wissen, erst im frühen 16. Jahrhundert nach Europa. Der Großteil der Avocado-Ernte stammt auch heute noch aus Mittel- und Südamerika, und viele Jahrhunderte selektiver Züchtung und unterschiedlicher Klimazonen haben <br />verschiedene Fruchtsorten hervorgebracht.</p>
<p>Avocadoöl ist hervorragend für die Haut. Es zieht leicht ein und hilft bei Hautproblemen wie Ekzemen. Es ist auch gut für alternde Haut, da es die Hautelastizität verbessern soll.</p>

<p>Unsere Avocado-Basisöle eignen sich ideal zum Verdünnen ätherischer Öle vor der Anwendung auf der Haut. Alle unsere Basisöle bestehen zu 100 % aus natürlichem, reinem Öl. Die Avocado stammt ursprünglich aus Mexiko und gelangte, soweit wir wissen, erst im frühen 16. Jahrhundert nach Europa. Der Großteil der Avocado-Ernte stammt auch heute noch aus Mittel- und [&hellip;]</p>
